{"id":332,"date":"2015-01-21T02:08:47","date_gmt":"2015-01-21T00:08:47","guid":{"rendered":"https:\/\/dr-thomas-gruber.com\/?page_id=332"},"modified":"2025-03-15T16:06:41","modified_gmt":"2025-03-15T14:06:41","slug":"endobag","status":"publish","type":"page","link":"https:\/\/dr-thomas-gruber.com\/?page_id=332","title":{"rendered":"Endobag"},"content":{"rendered":"\n<p class=\"is-style-default\" style=\"margin-top:0;margin-bottom:0;padding-top:var(--wp--preset--spacing--40);padding-right:0;padding-bottom:var(--wp--preset--spacing--40);padding-left:0\">Bei der Einf\u00fchrung der M\u00f6glichkeit Gallenblasenentfernungen durch die Schl\u00fcssellochchirurgie (Endoskopische Cholecystektomie)durchzuf\u00fchren (1991), hatte ich die Idee ein Bergesystem f\u00fcr diese spezielle Operationstechnik zu entwickeln. Ich habe auch mehrere Prototypen von diesen Bergeinstrumentarien in meiner Werkst\u00e4tte angefertigt. Aus diesen Prototypen entstand der heute weltweit nicht nur in der Chirurgie, sondern auch in der Gyn\u00e4kologie verwendete Endobag. Der Endobag wird zur Bergung der im Bauchraum entfernten Gewebeteile wie zum Beispiel der Gallenblase, verwendet.<\/p>\n\n\n\n<p><\/p>\n","protected":false},"excerpt":{"rendered":"<p>Bei der Einf\u00fchrung der M\u00f6glichkeit Gallenblasenentfernungen durch die Schl\u00fcssellochchirurgie (Endoskopische Cholecystektomie)durchzuf\u00fchren (1991), hatte ich die Idee ein Bergesystem f\u00fcr diese spezielle Operationstechnik zu entwickeln. Ich habe auch mehrere Prototypen von diesen Bergeinstrumentarien in meiner Werkst\u00e4tte angefertigt. Aus diesen Prototypen entstand der heute weltweit nicht nur in der Chirurgie, sondern auch in der Gyn\u00e4kologie verwendete Endobag. &#8230; <a title=\"Endobag\" class=\"read-more\" href=\"https:\/\/dr-thomas-gruber.com\/?page_id=332\" aria-label=\"Read more about Endobag\">Read more<\/a><\/p>\n","protected":false},"author":1,"featured_media":0,"parent":0,"menu_order":0,"comment_status":"closed","ping_status":"open","template":"","meta":{"_exactmetrics_skip_tracking":false,"_exactmetrics_sitenote_active":false,"_exactmetrics_sitenote_note":"","_exactmetrics_sitenote_category":0,"footnotes":""},"class_list":["post-332","page","type-page","status-publish"],"_links":{"self":[{"href":"https:\/\/dr-thomas-gruber.com\/index.php?rest_route=\/wp\/v2\/pages\/332","targetHints":{"allow":["GET"]}}],"collection":[{"href":"https:\/\/dr-thomas-gruber.com\/index.php?rest_route=\/wp\/v2\/pages"}],"about":[{"href":"https:\/\/dr-thomas-gruber.com\/index.php?rest_route=\/wp\/v2\/types\/page"}],"author":[{"embeddable":true,"href":"https:\/\/dr-thomas-gruber.com\/index.php?rest_route=\/wp\/v2\/users\/1"}],"replies":[{"embeddable":true,"href":"https:\/\/dr-thomas-gruber.com\/index.php?rest_route=%2Fwp%2Fv2%2Fcomments&post=332"}],"version-history":[{"count":0,"href":"https:\/\/dr-thomas-gruber.com\/index.php?rest_route=\/wp\/v2\/pages\/332\/revisions"}],"wp:attachment":[{"href":"https:\/\/dr-thomas-gruber.com\/index.php?rest_route=%2Fwp%2Fv2%2Fmedia&parent=332"}],"curies":[{"name":"wp","href":"https:\/\/api.w.org\/{rel}","templated":true}]}}