{"id":228,"date":"2015-01-07T06:01:29","date_gmt":"2015-01-07T04:01:29","guid":{"rendered":"https:\/\/dr-thomas-gruber.com\/?page_id=228"},"modified":"2025-03-15T16:06:41","modified_gmt":"2025-03-15T14:06:41","slug":"huftendoprothetik-2","status":"publish","type":"page","link":"https:\/\/dr-thomas-gruber.com\/?page_id=228","title":{"rendered":"H\u00fcftendoprothetik"},"content":{"rendered":"<h3 style=\"text-align: center;\"><a title=\"Prim\u00e4re H\u00fcftendoprothetik\" href=\"https:\/\/dr-thomas-gruber.com\/?page_id=242\">Prim\u00e4re H\u00fcftendoprothetik<\/a><\/h3>\n<h3 style=\"text-align: center;\"><a title=\"Revisionseingriffe nach H\u00fcftendoprothetik\" href=\"https:\/\/dr-thomas-gruber.com\/?page_id=244\">Revisionseingriffe nach H\u00fcftendoprothetik<\/a><\/h3>\n","protected":false},"excerpt":{"rendered":"<p>Prim\u00e4re H\u00fcftendoprothetik Revisionseingriffe nach H\u00fcftendoprothetik<\/p>\n","protected":false},"author":1,"featured_media":0,"parent":0,"menu_order":0,"comment_status":"closed","ping_status":"open","template":"","meta":{"_exactmetrics_skip_tracking":false,"_exactmetrics_sitenote_active":false,"_exactmetrics_sitenote_note":"","_exactmetrics_sitenote_category":0,"footnotes":""},"class_list":["post-228","page","type-page","status-publish"],"_links":{"self":[{"href":"https:\/\/dr-thomas-gruber.com\/index.php?rest_route=\/wp\/v2\/pages\/228","targetHints":{"allow":["GET"]}}],"collection":[{"href":"https:\/\/dr-thomas-gruber.com\/index.php?rest_route=\/wp\/v2\/pages"}],"about":[{"href":"https:\/\/dr-thomas-gruber.com\/index.php?rest_route=\/wp\/v2\/types\/page"}],"author":[{"embeddable":true,"href":"https:\/\/dr-thomas-gruber.com\/index.php?rest_route=\/wp\/v2\/users\/1"}],"replies":[{"embeddable":true,"href":"https:\/\/dr-thomas-gruber.com\/index.php?rest_route=%2Fwp%2Fv2%2Fcomments&post=228"}],"version-history":[{"count":0,"href":"https:\/\/dr-thomas-gruber.com\/index.php?rest_route=\/wp\/v2\/pages\/228\/revisions"}],"wp:attachment":[{"href":"https:\/\/dr-thomas-gruber.com\/index.php?rest_route=%2Fwp%2Fv2%2Fmedia&parent=228"}],"curies":[{"name":"wp","href":"https:\/\/api.w.org\/{rel}","templated":true}]}}