{"id":182,"date":"2015-01-07T01:24:43","date_gmt":"2015-01-06T23:24:43","guid":{"rendered":"https:\/\/dr-thomas-gruber.com\/?page_id=182"},"modified":"2025-03-15T19:04:49","modified_gmt":"2025-03-15T17:04:49","slug":"fachausrichtung-spezialisierung","status":"publish","type":"page","link":"https:\/\/dr-thomas-gruber.com\/?page_id=182","title":{"rendered":"Fachausrichtung Spezialisierung"},"content":{"rendered":"\n<p>Meine Spezialisierung liegt in erster Linie sicher in der operativen Orthop\u00e4die mit Hauptaugenmerk auf Endoprothetik der gro\u00dfen Gelenke und hier ebenso der oft deutlich schwierigeren Revisionschirurgie wo auch \u00f6fters ein fallspezifisches T\u00fcfteln notwendig ist.<\/p>\n\n\n\n<p>Besondere Freude habe ich, wenn Dinge mit Einsatz doch gelingen, die anfangs einen sehr fraglichen Erfolg versprechen. Hierbei ist mir schon von meinem Vater ein \u201eGeht nicht &#8211; gibt`s nicht\u201c eingetrichtert worden.<\/p>\n","protected":false},"excerpt":{"rendered":"<p>Meine Spezialisierung liegt in erster Linie sicher in der operativen Orthop\u00e4die mit Hauptaugenmerk auf Endoprothetik der gro\u00dfen Gelenke und hier ebenso der oft deutlich schwierigeren Revisionschirurgie wo auch \u00f6fters ein fallspezifisches T\u00fcfteln notwendig ist. Besondere Freude habe ich, wenn Dinge mit Einsatz doch gelingen, die anfangs einen sehr fraglichen Erfolg versprechen. Hierbei ist mir schon &#8230; <a title=\"Fachausrichtung Spezialisierung\" class=\"read-more\" href=\"https:\/\/dr-thomas-gruber.com\/?page_id=182\" aria-label=\"Read more about Fachausrichtung Spezialisierung\">Read more<\/a><\/p>\n","protected":false},"author":1,"featured_media":0,"parent":0,"menu_order":0,"comment_status":"closed","ping_status":"open","template":"","meta":{"_exactmetrics_skip_tracking":false,"_exactmetrics_sitenote_active":false,"_exactmetrics_sitenote_note":"","_exactmetrics_sitenote_category":0,"footnotes":""},"class_list":["post-182","page","type-page","status-publish"],"_links":{"self":[{"href":"https:\/\/dr-thomas-gruber.com\/index.php?rest_route=\/wp\/v2\/pages\/182","targetHints":{"allow":["GET"]}}],"collection":[{"href":"https:\/\/dr-thomas-gruber.com\/index.php?rest_route=\/wp\/v2\/pages"}],"about":[{"href":"https:\/\/dr-thomas-gruber.com\/index.php?rest_route=\/wp\/v2\/types\/page"}],"author":[{"embeddable":true,"href":"https:\/\/dr-thomas-gruber.com\/index.php?rest_route=\/wp\/v2\/users\/1"}],"replies":[{"embeddable":true,"href":"https:\/\/dr-thomas-gruber.com\/index.php?rest_route=%2Fwp%2Fv2%2Fcomments&post=182"}],"version-history":[{"count":0,"href":"https:\/\/dr-thomas-gruber.com\/index.php?rest_route=\/wp\/v2\/pages\/182\/revisions"}],"wp:attachment":[{"href":"https:\/\/dr-thomas-gruber.com\/index.php?rest_route=%2Fwp%2Fv2%2Fmedia&parent=182"}],"curies":[{"name":"wp","href":"https:\/\/api.w.org\/{rel}","templated":true}]}}